{"id":3572,"date":"2018-12-11T14:55:51","date_gmt":"2018-12-11T13:55:51","guid":{"rendered":"http:\/\/fedeola.eus\/?page_id=3572"},"modified":"2018-12-15T10:09:00","modified_gmt":"2018-12-15T09:09:00","slug":"frantxua-garaten-ehorzketetan-2018-12-10","status":"publish","type":"page","link":"https:\/\/fedeola.eus\/?page_id=3572","title":{"rendered":"Frantxua Garat"},"content":{"rendered":"<figure id=\"attachment_3586\" aria-describedby=\"caption-attachment-3586\" style=\"width: 300px\" class=\"wp-caption alignleft\"><img loading=\"lazy\" decoding=\"async\" class=\"wp-image-3586 size-medium\" src=\"http:\/\/fedeola.eus\/wp-content\/uploads\/2018\/12\/Frantxua-mintzo-300x296.jpg\" alt=\"\" width=\"300\" height=\"296\" srcset=\"https:\/\/fedeola.eus\/wp-content\/uploads\/2018\/12\/Frantxua-mintzo-300x296.jpg 300w, https:\/\/fedeola.eus\/wp-content\/uploads\/2018\/12\/Frantxua-mintzo-45x45.jpg 45w, https:\/\/fedeola.eus\/wp-content\/uploads\/2018\/12\/Frantxua-mintzo.jpg 595w\" sizes=\"auto, (max-width: 300px) 100vw, 300px\" \/><figcaption id=\"caption-attachment-3586\" class=\"wp-caption-text\">diocese64.org (Eskerrak!)<\/figcaption><\/figure>\n<p>Frantxua Garat:<\/p>\n<p>Hazparnen sortua 1944\/05\/10ean. Apeztua 1970\/08\/16an. Zendua 2018\/12\/07an.<\/p>\n<p><em>Omenaldi eta meza\u00a0 guzia <a href=\"http:\/\/diocese64.org\/articles-en-langue-basque\/item\/1614-frantxua-garat-apeza-omenaldia\">hemen<\/a> <\/em><\/p>\n<p><em>Eskerrak Alexandre!!<\/em><\/p>\n<p>&nbsp;<\/p>\n<p>&nbsp;<\/p>\n<p>&nbsp;<\/p>\n<p style=\"text-align: left;\"><strong>Mikel Epalzaren hitza ehorzketetan 2018\/12\/10ean<\/strong><\/p>\n<!--[if lt IE 9]><script>document.createElement('audio');<\/script><![endif]-->\n<audio class=\"wp-audio-shortcode\" id=\"audio-3572-1\" preload=\"none\" style=\"width: 100%;\" controls=\"controls\"><source type=\"audio\/mpeg\" src=\"http:\/\/fedeola.eus\/wp-content\/uploads\/2018\/12\/Mikel-Epalza_ueskaraz-bakarrik.mp3?_=1\" \/><a href=\"http:\/\/fedeola.eus\/wp-content\/uploads\/2018\/12\/Mikel-Epalza_ueskaraz-bakarrik.mp3\">http:\/\/fedeola.eus\/wp-content\/uploads\/2018\/12\/Mikel-Epalza_ueskaraz-bakarrik.mp3<\/a><\/audio>\n<p style=\"text-align: left;\"><em>Jondoni Jakobe epixtolatik 2, 14-18<\/em><\/p>\n<p style=\"text-align: left;\">Haurride maiteak, entzun ditugun irakurgaiak argitu ta sustatu dute Frantxuaren izpiritualitatea. Hitzak baino gehiago, ekintzek dute agertzen gure fedea.<\/p>\n<p style=\"text-align: left;\">Izan laiko, seror edo apez, giristino ala ez, bakoitxak baditu bide eder batzu eginik Frantxua zenarekin. Ainitz\u00a0 du eskaini 48 urtez Baionako Eliz barrutiari eta Euskal Herriari. Ororen gainetik langilea, leiala, emankorra, gizon ta apez bezala. <strong>Frantxua <\/strong>herrikoia zen, herria zuen maite. Gustokoak\u00a0 zituen musika, kantua, bertzolaritza, beilak, konpania, mendia, rubia. Lorda etxean sortua 7 haurretatik 4 garrena. Zelaitarra errotik, etzituen huts egiten zelaitarren ehorzketak. <strong>Frantxua<\/strong>\u00a0 apez zintzoa, Jesusi emana, haren Berri onari josia,\u00a0 arduradun argitsua bete izan dituen kargu guzietan. <strong>Erretor <\/strong>estimatua, apala ta biltzailea, liturgian euskarari\u00a0 eta euskal ohidurari atxikia zena, laikoak xutik eman dituena, errespetatzen zituenak handiak ta handiarazten xumeak, artzain onaren pare. <strong>Frantxua<\/strong> militantea, engaiatua, Euskal Herriaren geroaz arduratua; bere burua eskaini duena iheslarien alde ez bakarrik Anai Artea barnean hainbat urtez, bainan ere pertsonalki, apez etxeko ateak idekiz. Xanti bizkaitar iheslaria aterpetu zuelakotz\u00a0 bi ilabete sartu zuten preso Parisen, bere gizon, giristino ta apez egin beharra konplitzeagatik. Frantxuak gertakari latz horien erdian fruitu ederrak bildu zituen: Ezpeletarren ta euskaldun ainitzen sustengua, bai eta apezen ta Pierre Moleres apezpikuaren sustengu fermua, nuntzioarena ta Jacques Gaillot apezpikuarena ere.\u201cIheslari nintzen eta aterpetu nauzu, preso nintzen eta nigana jin zira\u201d dio orain Jesusek.\u201d<\/p>\n<p style=\"text-align: left;\"><strong>Frantxua <\/strong>Euskal Herriko\u00a0 laborari munduko kudeatzaile bat izan da. Onddo kooperatiba bat muntatu zuen Armendaritzen, GFA ta ondotik Lurzaindian parte hartu du, proiektoak sustengatuz. Laborantxa munduko giristinoekin bide ederrak egin ditu ere. Lilluraturik zagon ikusirik euskal laborarien elkartasuna ta nahikeri kementsua, laborantxa iraunkor baten alde.<\/p>\n<p style=\"text-align: left;\">Erroman teologia morala ikasi zuen bai eta erakatsi Akitzeko seminarioan. Bainan herritarrekin ikasi izan du elkartasunaren indarra: besteekin egindako urratsen balioa, zoin eder den Berri ona elgarrekin gauzatzea Elizan ta Gizartean. Bazakin untsa talde lana kudeatzen, zerbitzatu izan dituen parropietan eta mugimendutan, Herriarekin apez taldeari eta euskal Apez koordinakundean biziki atxikia izan da. Orroitzen naiz\u00a0 preso sartu aintzin laiko talde batekin antolatu zuela Ezpeletan Presoekin elgartasunez otoitz beila, lehen aldiz. Geroztik segitzen du taldeak martxan.<\/p>\n<p style=\"text-align: left;\"><strong>Frantxua<\/strong> izan da dudagabe balio andiko zubi bat Herritarren artean bai eta Herria ta Jesusen artean. Bazakin\u00a0 errespetuzko har emanetan jartzen auzapezekin, Elizaren atea jotzen zutenekin. Ez zen ele handikoa alabainan ainitz ohartu dira zer gisakoa zen bere bihotza, zer nolako ongia egin duen hainbat jendeetan ta etxeetan.<\/p>\n<p style=\"text-align: left;\">Duela bi hilabete berriz\u00a0 gaizkitu zen\u00a0 osagarri arazo larriekin. Kristo Erregearen igandean, bere bi aingeru begiraleak, Marie-Mich\u00e8le eta Kattin, ondoan zituela, hartu zuen erien sakramentua.\u00a0 Bere baitan errezebitu zuen Jesusen presentzia. Olio saindua eskutan ematen niolarik, ene gogoan nuen Jesusek\u00a0 eskutik hartzen zuela Frantxua berarekin bidean segiteko; eta\u00a0 gantzutu niolarik kopeta\u00a0 pentsatzen nuen, Jesusek betikotz betetzen\u00a0 zuela maitasunaren izpirituaz haren adimendu argi ta argitzailea. Frantxuak &lsquo;milesker&rsquo; hitza ahozkatu zaukun. Erakutsi dauku Jaunaren bakean zela, berriz makila eskutan hartzeko esperantzarekin.<\/p>\n<p style=\"text-align: center;\">-_-_-_-_-_-_-_-_-_-_-_-_-_-_-_-_-_-_-<\/p>\n<p style=\"text-align: left;\"><strong><em>Frantxua a v\u00e9cu en p\u00e9lerin,<\/em><\/strong><em> toujours en avant, la t\u00eate haute, digne, les pieds plant\u00e9s dans le Peuple basque, l&rsquo;esprit enracin\u00e9 dans la foi de son bapt\u00eame re\u00e7u dans cette Eglise, \u00e9clair\u00e9\u00a0 par la Bonne nouvelle de J\u00e9sus lib\u00e9rateur, fils de Dieu et fr\u00e8re universel. Il a v\u00e9cu pleinement le service du Verbe incarn\u00e9, du Pain de Vie et de la Paix \u00e0 construire, c&rsquo;est \u00e0 dire le sacerdoce re\u00e7u\u00a0 dans cette Eglise, exerc\u00e9 durant 48 ans.\u00a0\u00a0\u00a0\u00a0\u00a0\u00a0\u00a0\u00a0\u00a0\u00a0\u00a0\u00a0 <\/em><\/p>\n<p style=\"text-align: left;\"><em>\u00a0Soucieux des avanc\u00e9es collectives, il avait un cap: mettre les laics en responsabilit\u00e9.\u00a0 Profond\u00e9ment pr\u00eatre de J\u00e9sus Christ et profond\u00e9ment militant, bosseur, tr\u00e8s organis\u00e9 dans tout ce qu&rsquo;il r\u00e9alisait. Il a donn\u00e9\u00a0 de sa personne, entier, n&rsquo;ayant pas peur de vivre l&rsquo;\u00e9vangile de l&rsquo;hospitalit\u00e9, de partager son toit avec un r\u00e9fugi\u00e9 politique, au risque de passer deux mois sous les verrous et de se faire traiter de cur\u00e9-terroriste.\u00a0\u00a0\u00a0\u00a0\u00a0\u00a0\u00a0\u00a0\u00a0 <\/em><\/p>\n<p style=\"text-align: left;\"><em>\u00a0Il a \u00e9t\u00e9 un d\u00e9fenseur infatigable des Droits de l&rsquo;homme dont c&rsquo;est la journ\u00e9e aujourdhui. Il a \u00e9t\u00e9 un artisan de\u00a0 la fraternit\u00e9 \u00e9vang\u00e9lique, un \u00e9ducateur et un stimulant pour les jeunes, un guide pour les croyants en Dieu et les croyants en l&rsquo;homme, un bon compagnon pour les pr\u00eatres qui ont travaill\u00e9 avec lui, un confident et ami pour beaucoup de familles, un soutien pr\u00e9cieux pour les diverses communaut\u00e9s chr\u00e9tiennes, un piler solide du dioc\u00e8se de Bayonne o\u00f9 il a rempli de nombreuses fonctions comme cela a \u00e9t\u00e9 rappel\u00e9.\u00a0 Dans les moments\u00a0 difficiles, il a pu apr\u00e9cier l&rsquo;amiti\u00e9 des fr\u00e8res \u00e9v\u00eaques Pierre Mol\u00e8res et Jacques Gaillot et durant son dernier chemin de croix, il a \u00e9t\u00e9 soutenu par\u00a0 l&rsquo;affection\u00a0 de celles et ceux qui sont venus le r\u00e9conforter.\u00a0\u00a0\u00a0\u00a0\u00a0\u00a0\u00a0\u00a0\u00a0\u00a0\u00a0\u00a0\u00a0\u00a0\u00a0\u00a0\u00a0\u00a0\u00a0\u00a0\u00a0\u00a0\u00a0\u00a0\u00a0\u00a0\u00a0\u00a0\u00a0\u00a0\u00a0\u00a0\u00a0\u00a0\u00a0\u00a0\u00a0\u00a0\u00a0\u00a0\u00a0\u00a0\u00a0\u00a0\u00a0\u00a0\u00a0\u00a0\u00a0\u00a0\u00a0\u00a0\u00a0\u00a0\u00a0\u00a0\u00a0\u00a0\u00a0\u00a0 \u00a0\u00a0\u00a0\u00a0\u00a0\u00a0\u00a0 <\/em><\/p>\n<p style=\"text-align: left;\"><em>Le 8 octobre dernier il avait\u00a0 rejoint le groupe de pr\u00eatres marcheurs en montagne. Il \u00e9tait heureux, lui qui avait une belle endurance, le souffle du joueur de rugby et le pas confiant du p\u00e9lerin de St Jacques. Il retrouvait la joie de remarcher en montagne apr\u00e8s une ann\u00e9e de combat contre la maladie! Jamais nous ne pouvions imaginer que deux moix plus tard\u00a0 son p\u00e9lerinage sur terre prendrait fin. Nous n&rsquo;avons pas eu le temps de lui dire merci, nous le faisons \u00e0 cette messe.<\/em><\/p>\n<p style=\"text-align: left;\"><em>\u00a0Aujourdhui nous entourons sa famille, les amis de tout le Pays basque, de Bretagne et d&rsquo;ailleurs qui perdent un des leurs. Frantxua laisse un\u00a0 grand vide dans beaucoup de coeurs. Il nous confie son baton de marche, la clef de la maison Jacobia pour les p\u00e9lerins en escale \u00e0 St P\u00e9e, sa belle foi en J\u00e9sus Christ ressuscit\u00e9, le calice et la pat\u00e8ne pour faire Eglise, le souffle et l&rsquo;\u00e9nergie pour continuer \u00e0 vivre par des actes la Bonne Nouvelle de J\u00e9sus Christ.\u00a0\u00a0\u00a0\u00a0\u00a0\u00a0\u00a0\u00a0 \u00a0\u00a0\u00a0\u00a0\u00a0\u00a0\u00a0\u00a0\u00a0\u00a0\u00a0\u00a0\u00a0\u00a0\u00a0\u00a0\u00a0\u00a0\u00a0\u00a0\u00a0\u00a0\u00a0\u00a0\u00a0\u00a0\u00a0\u00a0\u00a0\u00a0\u00a0\u00a0\u00a0\u00a0\u00a0\u00a0\u00a0\u00a0\u00a0\u00a0\u00a0\u00a0\u00a0\u00a0\u00a0\u00a0 \u00a0\u00a0\u00a0\u00a0\u00a0\u00a0\u00a0\u00a0 <\/em><\/p>\n<p style=\"text-align: left;\"><em>Le 7 d\u00e9cembre, jour de son d\u00e9part, nous lisions le <a href=\"http:\/\/fedeola.eus\/?p=850\">psaume 26<\/a> : \u201cLe Seigneur est ma lumi\u00e8re et mon salut. J&rsquo;ai demand\u00e9 une chose au Seigneur habiter la maison du Seigneur tous les jours de ma vie!\u201d Ultreia, allons plus loin, c&rsquo;est le cri des p\u00e9lerins fatigu\u00e9s! Frantxua zoaz zeru mendira! Entre dans la joie du ciel o\u00f9 tu retrouves les tiens. Ultreia, pour nous aussi! Allons plus loin vers une Eglise qui respire le chapitre 25 de St Mathieu, le sacrement de la fraternit\u00e9! Allons rejoindre les prisonniers, les victimes des violences et de l&rsquo;injustice sociale, c&rsquo;est l\u00e0 que nous attend le Christ. Frantxua nous invite \u00e0 croire dans notre vocation de baptis\u00e9, de pr\u00eatre, de s\u00e9minariste; \u00e0 ne pas fuir le monde mais \u00e0 y semer les B\u00e9atitudes, \u00e0 les vivre, les c\u00e9l\u00e9brer et les chanter, \u00e0\u00a0 continuer \u00e0 pr\u00e9parer la venue de Celui qu&rsquo;il a servi de belle mani\u00e8re et lui\u00a0 dit \u201c Viens avec moi, j&rsquo;\u00e9tais sans abri et tu m&rsquo;as accueilli, j&rsquo;\u00e9tais en prison et tu m&rsquo;as visit\u00e9.\u201d Amen<\/em><\/p>\n","protected":false},"excerpt":{"rendered":"<p>Frantxua Garat: Hazparnen sortua 1944\/05\/10ean. Apeztua 1970\/08\/16an. Zendua 2018\/12\/07an. Omenaldi eta meza\u00a0 guzia hemen Eskerrak Alexandre!! &nbsp; &nbsp; &nbsp; Mikel Epalzaren hitza ehorzketetan 2018\/12\/10ean Jondoni Jakobe epixtolatik 2, 14-18 Haurride maiteak, entzun ditugun irakurgaiak argitu ta sustatu dute Frantxuaren izpiritualitatea. Hitzak baino gehiago, ekintzek dute agertzen gure fedea. Izan laiko, seror edo apez, giristino ala &hellip; <a href=\"https:\/\/fedeola.eus\/?page_id=3572\" class=\"more-link\">Continuer la lecture de <span class=\"screen-reader-text\">Frantxua Garat<\/span>  <span class=\"meta-nav\">&rarr;<\/span><\/a><\/p>\n","protected":false},"author":1,"featured_media":0,"parent":0,"menu_order":0,"comment_status":"closed","ping_status":"closed","template":"","meta":{"footnotes":""},"class_list":["post-3572","page","type-page","status-publish","hentry"],"_links":{"self":[{"href":"https:\/\/fedeola.eus\/index.php?rest_route=\/wp\/v2\/pages\/3572","targetHints":{"allow":["GET"]}}],"collection":[{"href":"https:\/\/fedeola.eus\/index.php?rest_route=\/wp\/v2\/pages"}],"about":[{"href":"https:\/\/fedeola.eus\/index.php?rest_route=\/wp\/v2\/types\/page"}],"author":[{"embeddable":true,"href":"https:\/\/fedeola.eus\/index.php?rest_route=\/wp\/v2\/users\/1"}],"replies":[{"embeddable":true,"href":"https:\/\/fedeola.eus\/index.php?rest_route=%2Fwp%2Fv2%2Fcomments&post=3572"}],"version-history":[{"count":16,"href":"https:\/\/fedeola.eus\/index.php?rest_route=\/wp\/v2\/pages\/3572\/revisions"}],"predecessor-version":[{"id":3681,"href":"https:\/\/fedeola.eus\/index.php?rest_route=\/wp\/v2\/pages\/3572\/revisions\/3681"}],"wp:attachment":[{"href":"https:\/\/fedeola.eus\/index.php?rest_route=%2Fwp%2Fv2%2Fmedia&parent=3572"}],"curies":[{"name":"wp","href":"https:\/\/api.w.org\/{rel}","templated":true}]}}